se 5
-120000
-14355 (base 10) to base 5
-424410
Convert -4815 (base 11) to base 3.
-22122122
Convert 10a3 (base 11) to base 2.
10110100100
63a (base 11) to base 9
1044
What is 50422 (base 6) in base 9?
10085
-1c6 (base 14) to base 3
-111201
71 (base 10) to base 6
155
18315 (base 9) to base 8
30552
-79a (base 15) to base 16
-6b8
What is 479 (base 10) in base 12?
33b
What is 14220 (base 5) in base 4?
102201
110 (base 9) to base 15
60
Convert 3333 (base 6) to base 13.
47a
1101011011110 (base 2) to base 16
1ade
50114 (base 9) to base 16
8083
-955 (base 14) to base 6
-12303
Convert -802 (base 13) to base 10.
-1354
-322 (base 9) to base 6
-1115
-1111 (base 9) to base 14
-428
Convert 31450 (base 9) to base 14.
7805
-4c70 (base 13) to base 16
-2a9b
What is -101010 (base 2) in base 16?
-2a
-4214 (base 7) to base 10
-1481
What is -744 (base 16) in base 15?
-840
What is 9c02 (base 13) in base 2?
101010100101011
What is 1000111101 (base 2) in base 14?
2cd
Convert -df3 (base 16) to base 3.
-11220021
What is -1907a (base 11) in base 7?
-140602
Convert 1632 (base 7) to base 3.
220110
Convert 1569 (base 14) to base 8.
7351
Convert 2b9 (base 13) to base 6.
2134
Convert 1001001001 (base 2) to base 10.
585
Convert -1042414 (base 5) to base 6.
-221324
What is -42 (base 12) in base 6?
-122
Convert -6151 (base 7) to base 16.
-85f
What is 131033 (base 5) in base 15?
17cd
Convert b28d (base 14) to base 4.
13133231
What is 101101100 (base 3) in base 5?
220234
13d (base 15) to base 12
1b7
3303033 (base 4) to base 2
11110011001111
Convert -a425 (base 12) to base 3.
-220112102
Convert -1010322 (base 4) to base 14.
-1870
What is 23206 (base 10) in base 5?
1220311
Convert -333 (base 5) to base 12.
-79
Convert 10697 (base 14) to base 8.
115455
What is 103110 (base 5) in base 4?
313022
Convert -112d (base 14) to base 8.
-5645
What is 255d (base 14) in base 4?
1212113
Convert 322232 (base 4) to base 10.
3758
121010 (base 3) to base 16
1b3
Convert -748 (base 14) to base 11.
-1096
-1206 (base 7) to base 13
-285
What is 15033 (base 7) in base 8?
10054
What is -1251 (base 6) in base 12?
-227
-1122102 (base 3) to base 4
-102233
Convert 87a (base 13) to base 3.
1222211
f18 (base 16) to base 8
7430
Convert -2222002 (base 4) to base 7.
-43504
What is -1011000101 (base 2) in base 6?
-3141
2112 (base 3) to base 9
75
What is 10200011 (base 3) in base 4?
221311
Convert 3966 (base 14) to base 11.
763a
What is 1111110001100011 (base 2) in base 5?
4031421
What is -1077 (base 10) in base 6?
-4553
What is 1110001111001011 (base 2) in base 16?
e3cb
Convert -1100000 (base 3) to base 7.
-2556
112221 (base 4) to base 2
10110101001
10001011111111 (base 2) to base 6
105251
What is a55 (base 11) in base 16?
4f6
What is a9e (base 16) in base 8?
5236
What is -22201 (base 5) in base 8?
-3017
-343 (base 11) to base 14
-214
112111 (base 3) to base 5
3031
Convert -347 (base 9) to base 3.
-101121
What is 11244 (base 6) in base 4?
121030
-3012 (base 5) to base 11
-318
Convert 6c59 (base 15) to base 14.
8574
What is -2f6 (base 16) in base 2?
-1011110110
Convert 3348 (base 10) to base 13.
16a7
455 (base 12) to base 9
782
Convert -33a1 (base 16) to base 7.
-53351
Convert -5849 (base 14) to base 10.
-15353
Convert 111101100 (base 2) to base 5.
3432
Convert 101010100101000 (base 2) to base 8.
52450
64 (base 14) to base 3
10021
-1003a (base 12) to base 14
-7806
What is -215341 (base 6) in base 13?
-82b4
123 (base 4) to base 10
27
256 (base 14) to base 7
1236
What is a3a (base 15) in base 16?
901
What is 1010001100 (base 2) in base 15?
2d7
46266 (base 10) to base 11
31840
What is 430 (base 11) in base 5?
4032
16d0 (base 16) to base 10
5840
Convert -2737 (base 10) to base 5.
-41422
Convert 8587 (base 13) to base 9.
27371
Convert 2ec (base 16) to base 11.
620
Convert 3006 (base 14) to base 11.
620a
Convert -122120 (base 3) to base 9.
-576
12000330 (base 4) to base 8
60074
Convert 23856 (base 9) to base 8.
37210
What is 110531 (base 6) in base 11?
6a69
What is -336 (base 13) in base 9?
-673
3381 (base 16) to base 14
4b3b
1560 (base 7) to base 14
330
Convert 9020 (base 14) to base 3.
1020220201
c344 (base 14) to base 13
1238a
Convert -2333331 (base 5) to base 4.
-22133112
Convert -707 (base 9) to base 14.
-2d0
What is 63d (base 15) in base 16?
580
What is 6170 (base 8) in base 7?
12210
Convert -147 (base 9) to base 2.
-1111100
What is 1409 (base 12) in base 3?
10011200
What is -1f9b (base 16) in base 14?
-2d3d
Convert -97 (base 12) to base 10.
-115
Convert 1241114 (base 5) to base 7.
131346
Convert -26053 (base 7) to base 13.
-31a8
1c8d (base 16) to base 8
16215
Convert -53c9 (base 14) to base 13.
-6793
Convert -300132 (base 4) to base 2.
-110000011110
What is -11012 (base 3) in base 2?
-1110001
-334 (base 6) to base 10
-130
8192 (base 10) to base 8
20000
Convert -277 (base 12) to base 4.
-11323
-2083 (base 11) to base 3
-10202222
Convert -173a4 (base 13) to base 11.
-30549
What is -380 (base 11) in base 16?
-1c3
What is -10f1 (base 16) in base 11?
-3293
What is -1206 (base 8) in base 16?
-286
What is 103304 (base 6) in base 2?
10000101011000
What is -31d (base 16) in base 13?
-494
Convert 200201 (base 3) to base 11.
41a
Convert -85c (base 13) to base 5.
-21204
Convert -100101011100100 (base 2) to base 8.
-45344
What is 102021202 (base 4) in base 8?
221142
-8ba6 (base 12) to base 15
-4909
Convert 337 (base 14) to base 13.
3a0
-aa4 (base 11) to base 14
-6a8
What is 2756 (base 10) in base 2?
101011000100
What is 27a9 (base 12) in base 6?
33133
-1303230 (base 4) to base 8
-16354
Convert d40 (base 16) to base 12.
1b68
Convert 169 (base 11) to base 14.
100
What is -109 (base 11) in base 8?
-202
-202111102 (base 3) to base 12
-8792
10320030 (base 4) to base 2
100111000001100
-8d2 (base 14) to base 11
-1353
What is -3380 (base 12) in base 9?
-7746
Convert -2c7 (base 15) to base 8.
-1175
What is -29452 (base 12) in base 4?
-32010332
What is -100aa (base 14) in base 11?
-26a80
What is -11211 (base 3) in base 14?
-94
What is -310321 (base 4) in base 10?
-3385
-20301 (base 8) to base 16
-20c1
Convert 106015 (base 7) to base 16.
49bd
What is -cd (base 14) in base 4?
-2311
What is 40122 (base 6) in base 16?
1472
Convert -2020211 (base 3) to base 6.
-11334
Convert 222023 (base 4) to base 6.
20255
Convert -253d (base 16) to base 6.
-112045
Convert -3b4c (base 14) to base 11.
-7946
What is -1711 (base 16) in base 7?
-23134
Convert -100001110011 (base 2) to base 16.
-873
-d1 (base 16) to base 7
-416
What is -2322 (base 4) in base 10?
-186
Convert -4568 (base 13) to base 2.
-10010111110111
-460 (base 9) to base 11
-314
What is -1e14 (base 15) in base 5?
-202134
What is 78d (base 14) in base 3?
2001110
Convert 1011110001111 (base 2) to base 4.
1132033
89a (base 13) to base 3
2000210
What is 4504 (base 9) in base 15?
eba
-1a0b (base 12) to base 11
-2430
Convert -7a45 (base 16) to base 13.
-1132a
-1423 (base 6) to base 13
-22b
Convert -110111010111001 (base 2) to base 10.
-28345
Convert -48271 (base 10) to base 15.
-e481
Convert -32 (base 11) to base 16.
-23
Convert 9d1 (base 16) to base 2.
100111010001
-22121 (base 4) to base 5
-10130
What is -166 (base 8) in base 3?
-11101
-12111222 (base 3) to base 6
-30342
Convert -1 (base 12) to base 3.
-1
What is -51152 (base 6) in base 16?
-1a6c
Convert 243 (base 15) to base 4.
20001
What is -17bb (base 16) in base 4?
-1132323
What is 111010 (base 5) in base 3?
12022201
Convert -495 (base 12) to base 4.
-22301
What is -11253 (base 7) in base 3?
-10221200
What is -14d7 (base 16) in base 8?
-12327
122 (base 13) to base 6
525
What is -3aa1 (base 11) in base 8?
-12302
-154a2 (base 12) to base 13
-108c5
-251254 (base 6) to base 7
-122113
What is 102323 (base 4) in base 16?
4bb
Convert 4b5 (base 14) to base 8.
1657
28e (base 15) to base 5
4314
Convert 10001001101111 (base 2) to base 12.
5127
Convert -8a0b (base 12) to base 3.
-202221202
6381 (base 9) to base 6
33414
What is 142 (base 14) in base 3?
100102
231023 (base 4) to base 16
b4b
-110110101100 (base 2) to base 10
-3500
What is 2061 (base 10) in base 14?
a73
-b348 (base 15) to base 10
-37868
11132 (base 4) to base 16
15e
What is -a49 (base 11) in base 4?
-103233
What is -742 (base 9) in base 14?
-313
What is 103321 (base 4) in base 2?
100111110